{"id":817,"date":"2025-02-04T13:30:38","date_gmt":"2025-02-04T11:30:38","guid":{"rendered":"https:\/\/www.starten-bahn-west.de\/?page_id=817"},"modified":"2025-02-04T20:00:48","modified_gmt":"2025-02-04T18:00:48","slug":"verkehr-und-spd","status":"publish","type":"page","link":"https:\/\/www.starten-bahn-west.de\/?page_id=817","title":{"rendered":"Verkehr und SPD"},"content":{"rendered":"\n<p>Unsere Anlage mit der Kurz-Zusammenfassung des Wahlprogramms der SPD sowie den sechs gestellten Fragen finden <a href=\"http:\/\/www.starten-bahn-west.de\/wp-content\/uploads\/2025\/02\/Anlage-SPD.pdf\" target=\"_blank\" rel=\"noreferrer noopener\">Sie -&gt; hier<\/a>.<\/p>\n\n\n\n<p><strong>Von der SPD haben wir keine Antwort erhalten.<\/strong><\/p>\n\n\n\n<p><strong>Unsere Meinung:<\/strong><br>Die SPD als Regierungspartei, die im Wahlkampf 2020 noch behauptet hat, die \u201eganze Stadt im Blick\u201c haben zu wollen, hat es nicht geschafft, auf verkehrspolitische Fragen aus dem westlichen Teil der Stadt zu antworten.<\/p>\n\n\n\n<p>Die SPD, die jahrelang unter B\u00fcrgermeister Olaf Scholz eine <a href=\"https:\/\/www.arnewitte.de\/ein-busbeschleunigungsprogramm-das-buslinien-nicht-beschleunigt\/\" target=\"_blank\" rel=\"noreferrer noopener\">millionenschwere Busbeschleunigung<\/a> erfolglos betrieben hat, die mit einem zur Wiederwahl stehenden B\u00fcrgermeister antritt, der wie sein Vorg\u00e4nger Scholz unter akuter <a href=\"https:\/\/taz.de\/Debatte-um-Hamburgs-Verkehrspolitik\/!5852664&amp;s=tramophobie\/\" target=\"_blank\" rel=\"noreferrer noopener\">Tramophobie<\/a> leidet und Stra\u00dfenbahnen f\u00fcr \u201ealtmodische Stahlunget\u00fcme\u201c h\u00e4lt, hat den Blick auf den \u00f6ffentlichen Nahverkehr anscheinend verloren. <\/p>\n\n\n\n<p>Statt Umweltverbund wurde bei der SPD das Auto wieder entdeckt, insbesondere die N\u00f6te der Kfz-Halter mit den Parkpl\u00e4tzen, deren <a href=\"https:\/\/taz.de\/Wahlkampf-um-Verkehrspolitik-in-Hamburg\/!6064512\/\" target=\"_blank\" rel=\"noreferrer noopener\">Raumbedarf jetzt via &#8222;Masterplan Parken&#8220; <\/a>wieder den Fu\u00dfg\u00e4ngern, Radfahrern und Busspuren abgenommen werden soll.<\/p>\n\n\n\n<p>Was nutzt ein im Wahlprogramm <a href=\"https:\/\/www.hochbahn.de\/de\/verantwortung\/der-hamburg-takt\">versprochener<\/a><a href=\"https:\/\/www.hochbahn.de\/de\/verantwortung\/der-hamburg-takt\" target=\"_blank\" rel=\"noreferrer noopener\"> <\/a><a href=\"https:\/\/www.hochbahn.de\/de\/verantwortung\/der-hamburg-takt\">Hamburg-Takt<\/a>, der angeblich bis 2030 jeder Hamburgerin und jedem Hamburger von morgens bis in die Abendstunden binnen f\u00fcnf Minuten ein \u00f6ffentliches Mobilit\u00e4tsangebot mit optimalem Service bei hoher Qualit\u00e4t bereitstellen soll, wenn nicht erkl\u00e4rt wird, auf welchem Weg dieses Angebot bereitgestellt wird? Zwar wird im Wahlprogramm die S-Bahnlinie S6 f\u00fcr den Hamburger Westen in Aussicht gestellt, aber wohlwissend, dass der Baubeginn f\u00fcr die neue S6 nicht vor 2040 liegen wird. Wie soll dann dieser Hamburg Takt bis zum Ende der Wahlperiode im Jahre 2030 im Hamburger Westen sichergestellt werden? Das Wahlprogramm schweigt sich jedenfalls zu den f\u00fcr uns im Westen l\u00f6sungsrelevanten Themen Stadtbahn, Hochleistungsbussystem (BHNS), Busspuren und Bus-Vorrangschaltungen vollst\u00e4ndig aus.<\/p>\n\n\n<div class=\"wp-block-image\">\n<figure class=\"alignright size-large is-resized\"><a href=\"http:\/\/www.starten-bahn-west.de\/wp-content\/uploads\/2025\/02\/image0-2.jpeg\"><img loading=\"lazy\" decoding=\"async\" width=\"1024\" height=\"708\" src=\"http:\/\/www.starten-bahn-west.de\/wp-content\/uploads\/2025\/02\/image0-2-1024x708.jpeg\" alt=\"\" class=\"wp-image-820\" style=\"width:241px;height:auto\" srcset=\"https:\/\/www.starten-bahn-west.de\/wp-content\/uploads\/2025\/02\/image0-2-1024x708.jpeg 1024w, https:\/\/www.starten-bahn-west.de\/wp-content\/uploads\/2025\/02\/image0-2-300x207.jpeg 300w, https:\/\/www.starten-bahn-west.de\/wp-content\/uploads\/2025\/02\/image0-2-768x531.jpeg 768w, https:\/\/www.starten-bahn-west.de\/wp-content\/uploads\/2025\/02\/image0-2-1536x1061.jpeg 1536w, https:\/\/www.starten-bahn-west.de\/wp-content\/uploads\/2025\/02\/image0-2-2048x1415.jpeg 2048w\" sizes=\"auto, (max-width: 1024px) 100vw, 1024px\" \/><\/a><\/figure>\n<\/div>\n\n\n<p>Die Fragen von Starten:Bahn West! zum SPD Wahlprogramm wurden also nicht beantwortet. Ein deutliches sozialdemokratisches \u201eBasta\u201c steckt in diesem Gebaren! Die SPD hat sich f\u00fcr uns mangels verkehrspolitischer Kompetenz f\u00fcr die M\u00e4rzwahl disqualiziert. Der ein\u00e4ugige Blick des amtierenden B\u00fcrgermeister auf den aktuellen SPD-Wahlplakaten hat anscheinend wirklich nur noch die Hafen-City im Blick. Der Umweltverbund, der ja auch CO2-Emissionen verhindern soll, wird von der SPD im Hamburger Westen nicht mehr ben\u00f6tigt?!<\/p>\n","protected":false},"excerpt":{"rendered":"<p>Unsere Anlage mit der Kurz-Zusammenfassung des Wahlprogramms der SPD sowie den sechs gestellten Fragen finden Sie -&gt; hier. Von der SPD haben wir keine Antwort erhalten. Unsere Meinung:Die SPD als Regierungspartei, die im Wahlkampf 2020 noch behauptet hat, die \u201eganze Stadt im Blick\u201c haben zu wollen, hat es nicht geschafft, auf verkehrspolitische Fragen aus dem &hellip; <a href=\"https:\/\/www.starten-bahn-west.de\/?page_id=817\" class=\"more-link\"><span class=\"screen-reader-text\">Verkehr und SPD<\/span> weiterlesen <span class=\"meta-nav\">&rarr;<\/span><\/a><\/p>\n","protected":false},"author":2,"featured_media":819,"parent":0,"menu_order":0,"comment_status":"closed","ping_status":"closed","template":"","meta":{"footnotes":""},"class_list":["post-817","page","type-page","status-publish","has-post-thumbnail","hentry"],"_links":{"self":[{"href":"https:\/\/www.starten-bahn-west.de\/index.php?rest_route=\/wp\/v2\/pages\/817","targetHints":{"allow":["GET"]}}],"collection":[{"href":"https:\/\/www.starten-bahn-west.de\/index.php?rest_route=\/wp\/v2\/pages"}],"about":[{"href":"https:\/\/www.starten-bahn-west.de\/index.php?rest_route=\/wp\/v2\/types\/page"}],"author":[{"embeddable":true,"href":"https:\/\/www.starten-bahn-west.de\/index.php?rest_route=\/wp\/v2\/users\/2"}],"replies":[{"embeddable":true,"href":"https:\/\/www.starten-bahn-west.de\/index.php?rest_route=%2Fwp%2Fv2%2Fcomments&post=817"}],"version-history":[{"count":4,"href":"https:\/\/www.starten-bahn-west.de\/index.php?rest_route=\/wp\/v2\/pages\/817\/revisions"}],"predecessor-version":[{"id":855,"href":"https:\/\/www.starten-bahn-west.de\/index.php?rest_route=\/wp\/v2\/pages\/817\/revisions\/855"}],"wp:featuredmedia":[{"embeddable":true,"href":"https:\/\/www.starten-bahn-west.de\/index.php?rest_route=\/wp\/v2\/media\/819"}],"wp:attachment":[{"href":"https:\/\/www.starten-bahn-west.de\/index.php?rest_route=%2Fwp%2Fv2%2Fmedia&parent=817"}],"curies":[{"name":"wp","href":"https:\/\/api.w.org\/{rel}","templated":true}]}}

<p>Unsere Anlage mit der Kurz-Zusammenfassung des Wahlprogramms der SPD sowie den sechs gestellten Fragen finden <a href="http://www.starten-bahn-west.de/wp-content/uploads/2025/02/Anlage-SPD.pdf" target="_blank" rel="noreferrer noopener">Sie -&gt; hier</a>.</p>



<p><strong>Von der SPD haben wir keine Antwort erhalten.</strong></p>



<p><strong>Unsere Meinung:</strong><br>Die SPD als Regierungspartei, die im Wahlkampf 2020 noch behauptet hat, die „ganze Stadt im Blick“ haben zu wollen, hat es nicht geschafft, auf verkehrspolitische Fragen aus dem westlichen Teil der Stadt zu antworten.</p>



<p>Die SPD, die jahrelang unter Bürgermeister Olaf Scholz eine <a href="https://www.arnewitte.de/ein-busbeschleunigungsprogramm-das-buslinien-nicht-beschleunigt/" target="_blank" rel="noreferrer noopener">millionenschwere Busbeschleunigung</a> erfolglos betrieben hat, die mit einem zur Wiederwahl stehenden Bürgermeister antritt, der wie sein Vorgänger Scholz unter akuter <a href="https://taz.de/Debatte-um-Hamburgs-Verkehrspolitik/!5852664&amp;s=tramophobie/" target="_blank" rel="noreferrer noopener">Tramophobie</a> leidet und Straßenbahnen für „altmodische Stahlungetüme“ hält, hat den Blick auf den öffentlichen Nahverkehr anscheinend verloren. </p>



<p>Statt Umweltverbund wurde bei der SPD das Auto wieder entdeckt, insbesondere die Nöte der Kfz-Halter mit den Parkplätzen, deren <a href="https://taz.de/Wahlkampf-um-Verkehrspolitik-in-Hamburg/!6064512/" target="_blank" rel="noreferrer noopener">Raumbedarf jetzt via &#8222;Masterplan Parken&#8220; </a>wieder den Fußgängern, Radfahrern und Busspuren abgenommen werden soll.</p>



<p>Was nutzt ein im Wahlprogramm <a href="https://www.hochbahn.de/de/verantwortung/der-hamburg-takt">versprochener</a><a href="https://www.hochbahn.de/de/verantwortung/der-hamburg-takt" target="_blank" rel="noreferrer noopener"> </a><a href="https://www.hochbahn.de/de/verantwortung/der-hamburg-takt">Hamburg-Takt</a>, der angeblich bis 2030 jeder Hamburgerin und jedem Hamburger von morgens bis in die Abendstunden binnen fünf Minuten ein öffentliches Mobilitätsangebot mit optimalem Service bei hoher Qualität bereitstellen soll, wenn nicht erklärt wird, auf welchem Weg dieses Angebot bereitgestellt wird? Zwar wird im Wahlprogramm die S-Bahnlinie S6 für den Hamburger Westen in Aussicht gestellt, aber wohlwissend, dass der Baubeginn für die neue S6 nicht vor 2040 liegen wird. Wie soll dann dieser Hamburg Takt bis zum Ende der Wahlperiode im Jahre 2030 im Hamburger Westen sichergestellt werden? Das Wahlprogramm schweigt sich jedenfalls zu den für uns im Westen lösungsrelevanten Themen Stadtbahn, Hochleistungsbussystem (BHNS), Busspuren und Bus-Vorrangschaltungen vollständig aus.</p>


<div class="wp-block-image">
<figure class="alignright size-large is-resized"><a href="http://www.starten-bahn-west.de/wp-content/uploads/2025/02/image0-2.jpeg"><img loading="lazy" decoding="async" width="1024" height="708" src="http://www.starten-bahn-west.de/wp-content/uploads/2025/02/image0-2-1024x708.jpeg" alt="" class="wp-image-820" style="width:241px;height:auto" srcset="https://www.starten-bahn-west.de/wp-content/uploads/2025/02/image0-2-1024x708.jpeg 1024w, https://www.starten-bahn-west.de/wp-content/uploads/2025/02/image0-2-300x207.jpeg 300w, https://www.starten-bahn-west.de/wp-content/uploads/2025/02/image0-2-768x531.jpeg 768w, https://www.starten-bahn-west.de/wp-content/uploads/2025/02/image0-2-1536x1061.jpeg 1536w, https://www.starten-bahn-west.de/wp-content/uploads/2025/02/image0-2-2048x1415.jpeg 2048w" sizes="auto, (max-width: 1024px) 100vw, 1024px" /></a></figure>
</div>


<p>Die Fragen von Starten:Bahn West! zum SPD Wahlprogramm wurden also nicht beantwortet. Ein deutliches sozialdemokratisches „Basta“ steckt in diesem Gebaren! Die SPD hat sich für uns mangels verkehrspolitischer Kompetenz für die Märzwahl disqualiziert. Der einäugige Blick des amtierenden Bürgermeister auf den aktuellen SPD-Wahlplakaten hat anscheinend wirklich nur noch die Hafen-City im Blick. Der Umweltverbund, der ja auch CO2-Emissionen verhindern soll, wird von der SPD im Hamburger Westen nicht mehr benötigt?!</p>
