{"id":831,"date":"2025-02-04T15:32:09","date_gmt":"2025-02-04T13:32:09","guid":{"rendered":"https:\/\/www.starten-bahn-west.de\/?page_id=831"},"modified":"2025-02-04T15:38:48","modified_gmt":"2025-02-04T13:38:48","slug":"verkehr-und-buendnis90-die-gruenen","status":"publish","type":"page","link":"https:\/\/www.starten-bahn-west.de\/?page_id=831","title":{"rendered":"Verkehr und B\u00fcndnis90\/Die Gr\u00fcnen"},"content":{"rendered":"\n<p>Unsere Anlage mit der Kurz-Zusammenfassung des Wahlprogramms von B\u00fcndnis 90\/Die Gr\u00fcnen sowie den acht gestellten Fragen finden <a href=\"http:\/\/www.starten-bahn-west.de\/wp-content\/uploads\/2025\/02\/Anlage-Gruene.pdf\">Sie -&gt; hier.<\/a><\/p>\n\n\n\n<p><strong>Von B\u00fcndnis 90\/Die Gr\u00fcnen haben wir keine Antwort erhalten.<\/strong><\/p>\n\n\n\n<p><strong>Unsere Meinung:<\/strong><br>In ihrem Wahlprogramm hebt die Partei B\u00fcndnis 90\/Die Gr\u00fcnen im Verkehrsbereich hervor, insbesondere Stadtteile in den Blick f\u00fcr den Ausbau des \u00d6PNV\/SPNV nehmen zu wollen, die bisher nicht bzw. nicht ausreichend angebunden sind. Dann listen sie bekannte und bereits mit Finanzierungszusagen durch den Bund hinterlegte Schienenprojekte wie U4, U5, S4, S5 auf. Zur Schienenanbindung von Hamburgs Westen verweisen sie lediglich auf die begonnene (vorbereitende) Planung. Wir wissen jedoch alle, dass die Realisierung wegen fehlender Finanzierungszusagen durch den Bund und die Koppelung an den Verbindungsbahnentlastungstunnel in den Sternen steht.<\/p>\n\n\n\n<p>Bis dahin sollen die stra\u00dfengebundenen \u00f6ffentlichen Verkehre z.B. durch fahrerlose On-Demand-Dienste (ehem. IOKI) und den Ausbau von Buslinien verst\u00e4rkt werden. IOKI hei\u00dft jetzt HOPP und ist nach der erfolgreichen Projektphase im Westen abgeschafft worden. Daf\u00fcr wurde der X3 eingef\u00fchrt, der jedoch wie der vorherige M3 im Stau steht. Mit der Einf\u00fchrung von Busspuren, die die Linien M2, M3 und X3 deutlich schneller machen w\u00fcrden, tut sich die bisher gr\u00fcne Verkehrsbeh\u00f6rde extrem schwer.<\/p>\n\n\n\n<p>Das Thema Stra\u00dfenbahn wird nur nebul\u00f6s gestreift und scheint keine Option f\u00fcr unsere Anbindung zu sein.<\/p>\n\n\n\n<p>Wir haben bei der Partei B\u00fcndnis 90\/Die Gr\u00fcnen konkret nachgefragt, wie das Konzept f\u00fcr den \u00d6PNV in Hamburgs Westen aussehen wird. Leider haben wir bis heute keine Antworten auf unsere Fragen erhalten.<\/p>\n\n\n\n<p>Warum nur? <br>Aktuell besetzen B\u00fcndnis90\/Die Gr\u00fcnen mit dem Senator Anjes Tjarks die Verkehrsbeh\u00f6rde. Herr Tjarks hat in Oppositionszeiten f\u00fcr seine Partei eine wunderbare Oppositionsarbeit geleistet und die Arbeit des damaligen Senat mit vielen klugen und detaillierten Fragen hinterfragt und \u00f6ffentlich gemacht. Nun ist er gr\u00fcner Senator f\u00fcr Verkehr und bekommt von uns \u00fcber seine Partei Fragen gestellt, die nicht beantwortet werden. Wir sind uns aufgrund seiner bisherigen Arbeit sicher, dass er viele gute Antworten zu Busspuren, BHNS, Stra\u00dfenbahn und Busbeschleunigung geben k\u00f6nnte. Insbesondere, wenn wir im Parteiprogramm fast unscheinbar lesen k\u00f6nnen, dass die untere Verkehrsbeh\u00f6rde, derzeit bei der SPD-gef\u00fchrten Innenbeh\u00f6rde angesiedelt, in die von Herrn Tjarks geleitete Verkehrsbeh\u00f6rde integriert werden soll. <\/p>\n\n\n<div class=\"wp-block-image\">\n<figure class=\"alignleft size-large is-resized\"><a href=\"http:\/\/www.starten-bahn-west.de\/wp-content\/uploads\/2023\/11\/Guter-Nahverkehr.jpg\"><img loading=\"lazy\" decoding=\"async\" width=\"760\" height=\"1024\" src=\"http:\/\/www.starten-bahn-west.de\/wp-content\/uploads\/2023\/11\/Guter-Nahverkehr-760x1024.jpg\" alt=\"\" class=\"wp-image-595\" style=\"width:170px;height:auto\" srcset=\"https:\/\/www.starten-bahn-west.de\/wp-content\/uploads\/2023\/11\/Guter-Nahverkehr-760x1024.jpg 760w, https:\/\/www.starten-bahn-west.de\/wp-content\/uploads\/2023\/11\/Guter-Nahverkehr-223x300.jpg 223w, https:\/\/www.starten-bahn-west.de\/wp-content\/uploads\/2023\/11\/Guter-Nahverkehr-768x1035.jpg 768w, https:\/\/www.starten-bahn-west.de\/wp-content\/uploads\/2023\/11\/Guter-Nahverkehr-1139x1536.jpg 1139w, https:\/\/www.starten-bahn-west.de\/wp-content\/uploads\/2023\/11\/Guter-Nahverkehr.jpg 1519w\" sizes=\"auto, (max-width: 760px) 100vw, 760px\" \/><\/a><\/figure>\n<\/div>\n\n\n<p>Die untere Verkehrsbeh\u00f6rde ist so etwas wie der <a href=\"https:\/\/de.wikipedia.org\/wiki\/Lordsiegelbewahrer#:~:text=Der%20Lordsiegelbewahrer%20(englisch%20Lord%20Keeper,das%20private%20k\u00f6nigliche%20Siegel%20verantwortlich.&amp;text=Der%20Lord%20Privy%20Seal%20ist,den%20Great%20Officers%20of%20State.\" target=\"_blank\" rel=\"noreferrer noopener\">Lordsiegelbewahrer<\/a> der deutschen autozentrierten Stra\u00dfenverkehrsgesetzgebung. Mit der bestehenden Angliederung an die SPD-Innenbeh\u00f6rde hat sie bislang daf\u00fcr Sorge getragen, dass die sich mit den letzten \u00c4nderungen der StVO samt VwV-StVO ergebenden Freir\u00e4ume f\u00fcr die Einrichtung von Busspuren und Tempo-30-Zonen u.v.m. durch besonders enge Auslegung in Hamburg nicht zur Geltung kommen.<\/p>\n\n\n\n<p>Wir haben die Bem\u00fchungen in der laufenden Amtsperiode durchaus wahrgenommen. Beim aktuellen Slogan \u201eF\u00fcr Verkehr, der Hamburg verbindet\u201c erwarten wir in Hamburg jedoch deutlich mehr &#8222;<a href=\"https:\/\/de.wikipedia.org\/wiki\/Butter_bei_die_Fische\" target=\"_blank\" rel=\"noreferrer noopener\">Butter bei die Fische<\/a>&#8220; und keine nebul\u00f6sen Andeutungen.<\/p>\n","protected":false},"excerpt":{"rendered":"<p>Unsere Anlage mit der Kurz-Zusammenfassung des Wahlprogramms von B\u00fcndnis 90\/Die Gr\u00fcnen sowie den acht gestellten Fragen finden Sie -&gt; hier. Von B\u00fcndnis 90\/Die Gr\u00fcnen haben wir keine Antwort erhalten. Unsere Meinung:In ihrem Wahlprogramm hebt die Partei B\u00fcndnis 90\/Die Gr\u00fcnen im Verkehrsbereich hervor, insbesondere Stadtteile in den Blick f\u00fcr den Ausbau des \u00d6PNV\/SPNV nehmen zu wollen, &hellip; <a href=\"https:\/\/www.starten-bahn-west.de\/?page_id=831\" class=\"more-link\"><span class=\"screen-reader-text\">Verkehr und B\u00fcndnis90\/Die Gr\u00fcnen<\/span> weiterlesen <span class=\"meta-nav\">&rarr;<\/span><\/a><\/p>\n","protected":false},"author":2,"featured_media":832,"parent":0,"menu_order":0,"comment_status":"closed","ping_status":"closed","template":"","meta":{"footnotes":""},"class_list":["post-831","page","type-page","status-publish","has-post-thumbnail","hentry"],"_links":{"self":[{"href":"https:\/\/www.starten-bahn-west.de\/index.php?rest_route=\/wp\/v2\/pages\/831","targetHints":{"allow":["GET"]}}],"collection":[{"href":"https:\/\/www.starten-bahn-west.de\/index.php?rest_route=\/wp\/v2\/pages"}],"about":[{"href":"https:\/\/www.starten-bahn-west.de\/index.php?rest_route=\/wp\/v2\/types\/page"}],"author":[{"embeddable":true,"href":"https:\/\/www.starten-bahn-west.de\/index.php?rest_route=\/wp\/v2\/users\/2"}],"replies":[{"embeddable":true,"href":"https:\/\/www.starten-bahn-west.de\/index.php?rest_route=%2Fwp%2Fv2%2Fcomments&post=831"}],"version-history":[{"count":8,"href":"https:\/\/www.starten-bahn-west.de\/index.php?rest_route=\/wp\/v2\/pages\/831\/revisions"}],"predecessor-version":[{"id":847,"href":"https:\/\/www.starten-bahn-west.de\/index.php?rest_route=\/wp\/v2\/pages\/831\/revisions\/847"}],"wp:featuredmedia":[{"embeddable":true,"href":"https:\/\/www.starten-bahn-west.de\/index.php?rest_route=\/wp\/v2\/media\/832"}],"wp:attachment":[{"href":"https:\/\/www.starten-bahn-west.de\/index.php?rest_route=%2Fwp%2Fv2%2Fmedia&parent=831"}],"curies":[{"name":"wp","href":"https:\/\/api.w.org\/{rel}","templated":true}]}}

Verkehr und Bündnis90/Die Grünen

<p>Unsere Anlage mit der Kurz-Zusammenfassung des Wahlprogramms von Bündnis 90/Die Grünen sowie den acht gestellten Fragen finden <a href="http://www.starten-bahn-west.de/wp-content/uploads/2025/02/Anlage-Gruene.pdf">Sie -&gt; hier.</a></p>



<p><strong>Von Bündnis 90/Die Grünen haben wir keine Antwort erhalten.</strong></p>



<p><strong>Unsere Meinung:</strong><br>In ihrem Wahlprogramm hebt die Partei Bündnis 90/Die Grünen im Verkehrsbereich hervor, insbesondere Stadtteile in den Blick für den Ausbau des ÖPNV/SPNV nehmen zu wollen, die bisher nicht bzw. nicht ausreichend angebunden sind. Dann listen sie bekannte und bereits mit Finanzierungszusagen durch den Bund hinterlegte Schienenprojekte wie U4, U5, S4, S5 auf. Zur Schienenanbindung von Hamburgs Westen verweisen sie lediglich auf die begonnene (vorbereitende) Planung. Wir wissen jedoch alle, dass die Realisierung wegen fehlender Finanzierungszusagen durch den Bund und die Koppelung an den Verbindungsbahnentlastungstunnel in den Sternen steht.</p>



<p>Bis dahin sollen die straßengebundenen öffentlichen Verkehre z.B. durch fahrerlose On-Demand-Dienste (ehem. IOKI) und den Ausbau von Buslinien verstärkt werden. IOKI heißt jetzt HOPP und ist nach der erfolgreichen Projektphase im Westen abgeschafft worden. Dafür wurde der X3 eingeführt, der jedoch wie der vorherige M3 im Stau steht. Mit der Einführung von Busspuren, die die Linien M2, M3 und X3 deutlich schneller machen würden, tut sich die bisher grüne Verkehrsbehörde extrem schwer.</p>



<p>Das Thema Straßenbahn wird nur nebulös gestreift und scheint keine Option für unsere Anbindung zu sein.</p>



<p>Wir haben bei der Partei Bündnis 90/Die Grünen konkret nachgefragt, wie das Konzept für den ÖPNV in Hamburgs Westen aussehen wird. Leider haben wir bis heute keine Antworten auf unsere Fragen erhalten.</p>



<p>Warum nur? <br>Aktuell besetzen Bündnis90/Die Grünen mit dem Senator Anjes Tjarks die Verkehrsbehörde. Herr Tjarks hat in Oppositionszeiten für seine Partei eine wunderbare Oppositionsarbeit geleistet und die Arbeit des damaligen Senat mit vielen klugen und detaillierten Fragen hinterfragt und öffentlich gemacht. Nun ist er grüner Senator für Verkehr und bekommt von uns über seine Partei Fragen gestellt, die nicht beantwortet werden. Wir sind uns aufgrund seiner bisherigen Arbeit sicher, dass er viele gute Antworten zu Busspuren, BHNS, Straßenbahn und Busbeschleunigung geben könnte. Insbesondere, wenn wir im Parteiprogramm fast unscheinbar lesen können, dass die untere Verkehrsbehörde, derzeit bei der SPD-geführten Innenbehörde angesiedelt, in die von Herrn Tjarks geleitete Verkehrsbehörde integriert werden soll. </p>


<div class="wp-block-image">
<figure class="alignleft size-large is-resized"><a href="http://www.starten-bahn-west.de/wp-content/uploads/2023/11/Guter-Nahverkehr.jpg"><img loading="lazy" decoding="async" width="760" height="1024" src="http://www.starten-bahn-west.de/wp-content/uploads/2023/11/Guter-Nahverkehr-760x1024.jpg" alt="" class="wp-image-595" style="width:170px;height:auto" srcset="https://www.starten-bahn-west.de/wp-content/uploads/2023/11/Guter-Nahverkehr-760x1024.jpg 760w, https://www.starten-bahn-west.de/wp-content/uploads/2023/11/Guter-Nahverkehr-223x300.jpg 223w, https://www.starten-bahn-west.de/wp-content/uploads/2023/11/Guter-Nahverkehr-768x1035.jpg 768w, https://www.starten-bahn-west.de/wp-content/uploads/2023/11/Guter-Nahverkehr-1139x1536.jpg 1139w, https://www.starten-bahn-west.de/wp-content/uploads/2023/11/Guter-Nahverkehr.jpg 1519w" sizes="auto, (max-width: 760px) 100vw, 760px" /></a></figure>
</div>


<p>Die untere Verkehrsbehörde ist so etwas wie der <a href="https://de.wikipedia.org/wiki/Lordsiegelbewahrer#:~:text=Der%20Lordsiegelbewahrer%20(englisch%20Lord%20Keeper,das%20private%20königliche%20Siegel%20verantwortlich.&amp;text=Der%20Lord%20Privy%20Seal%20ist,den%20Great%20Officers%20of%20State." target="_blank" rel="noreferrer noopener">Lordsiegelbewahrer</a> der deutschen autozentrierten Straßenverkehrsgesetzgebung. Mit der bestehenden Angliederung an die SPD-Innenbehörde hat sie bislang dafür Sorge getragen, dass die sich mit den letzten Änderungen der StVO samt VwV-StVO ergebenden Freiräume für die Einrichtung von Busspuren und Tempo-30-Zonen u.v.m. durch besonders enge Auslegung in Hamburg nicht zur Geltung kommen.</p>



<p>Wir haben die Bemühungen in der laufenden Amtsperiode durchaus wahrgenommen. Beim aktuellen Slogan „Für Verkehr, der Hamburg verbindet“ erwarten wir in Hamburg jedoch deutlich mehr &#8222;<a href="https://de.wikipedia.org/wiki/Butter_bei_die_Fische" target="_blank" rel="noreferrer noopener">Butter bei die Fische</a>&#8220; und keine nebulösen Andeutungen.</p>

<p>Unsere Anlage mit der Kurz-Zusammenfassung des Wahlprogramms von Bündnis 90/Die Grünen sowie den acht gestellten Fragen finden Sie -&gt; hier. Von Bündnis 90/Die Grünen haben wir keine Antwort erhalten. Unsere Meinung:In ihrem Wahlprogramm hebt die Partei Bündnis 90/Die Grünen im Verkehrsbereich hervor, insbesondere Stadtteile in den Blick für den Ausbau des ÖPNV/SPNV nehmen zu wollen, &hellip; <a href="https://www.starten-bahn-west.de/?page_id=831" class="more-link"><span class="screen-reader-text">Verkehr und Bündnis90/Die Grünen</span> weiterlesen <span class="meta-nav">&rarr;</span></a></p>
